58
Calculate the remainder when 10504 is divided by 2454.
688
Calculate the remainder when 56447 is divided by 18.
17
What is the remainder when 250587 is divided by 29?
27
Calculate the remainder when 116337 is divided by 140.
137
What is the remainder when 36239 is divided by 264?
71
What is the remainder when 1829 is divided by 558?
155
What is the remainder when 102928 is divided by 38?
24
Calculate the remainder when 2923 is divided by 921.
160
What is the remainder when 503436 is divided by 251717?
2
What is the remainder when 969 is divided by 211?
125
Calculate the remainder when 2829 is divided by 473.
464
What is the remainder when 22999 is divided by 64?
23
What is the remainder when 5710 is divided by 317?
4
What is the remainder when 8181 is divided by 49?
47
Calculate the remainder when 19277 is divided by 3.
2
What is the remainder when 24471 is divided by 55?
51
Calculate the remainder when 15931 is divided by 693.
685
Calculate the remainder when 4819 is divided by 174.
121
Calculate the remainder when 687 is divided by 109.
33
What is the remainder when 2030 is divided by 120?
110
Calculate the remainder when 74228 is divided by 109.
108
Calculate the remainder when 109204 is divided by 32.
20
Calculate the remainder when 2514 is divided by 826.
36
What is the remainder when 8104 is divided by 145?
129
Calculate the remainder when 4652 is divided by 232.
12
Calculate the remainder when 13658 is divided by 22.
18
Calculate the remainder when 24588 is divided by 1344.
396
What is the remainder when 10456 is divided by 91?
82
What is the remainder when 3409 is divided by 677?
24
What is the remainder when 47563 is divided by 1132?
19
Calculate the remainder when 13467 is divided by 4485.
12
What is the remainder when 6675 is divided by 46?
5
Calculate the remainder when 4981 is divided by 469.
291
Calculate the remainder when 5752 is divided by 250.
2
What is the remainder when 12015 is divided by 10?
5
What is the remainder when 37361 is divided by 9263?
309
Calculate the remainder when 780478 is divided by 60.
58
What is the remainder when 6585 is divided by 3290?
5
What is the remainder when 2212 is divided by 48?
4
Calculate the remainder when 2176212 is divided by 1137.
1131
Calculate the remainder when 11406 is divided by 5699.
8
Calculate the remainder when 23629 is divided by 23591.
38
Calculate the remainder when 2878 is divided by 842.
352
What is the remainder when 15841 is divided by 223?
8
What is the remainder when 48311 is divided by 16100?
11
What is the remainder when 8965 is divided by 84?
61
What is the remainder when 58583 is divided by 1398?
1265
Calculate the remainder when 518 is divided by 255.
8
What is the remainder when 84272 is divided by 7020?
32
What is the remainder when 166785 is divided by 42?
3
Calculate the remainder when 53283 is divided by 17654.
321
Calculate the remainder when 19073 is divided by 22.
21
Calculate the remainder when 5209 is divided by 1403.
1000
Calculate the remainder when 9274 is divided by 250.
24
What is the remainder when 2166 is divided by 359?
12
Calculate the remainder when 2686 is divided by 82.
62
What is the remainder when 51860 is divided by 55?
50
Calculate the remainder when 23459 is divided by 102.
101
What is the remainder when 4859 is divided by 221?
218
What is the remainder when 1409 is divided by 1262?
147
Calculate the remainder when 8466 is divided by 1679.
71
What is the remainder when 7334 is divided by 41?
36
What is the remainder when 34950 is divided by 425?
100
What is the remainder when 2379 is divided by 395?
9
What is the remainder when 94649 is divided by 1895?
1794
What is the remainder when 3772 is divided by 20?
12
What is the remainder when 60882 is divided by 297?
294
What is the remainder when 5583 is divided by 12?
3
What is the remainder when 4020 is divided by 394?
80
Calculate the remainder when 5840686 is divided by 181.
178
What is the remainder when 1570 is divided by 425?
295
Calculate the remainder when 277409 is divided by 105.
104
What is the remainder when 15527 is divided by 3854?
111
Calculate the remainder when 897164 is divided by 45.
44
Calculate the remainder when 150 is divided by 8.
6
Calculate the remainder when 384029 is divided by 9.
8
Calculate the remainder when 127692 is divided by 313.
301
What is the remainder when 958166 is divided by 958165?
1
Calculate the remainder when 6824 is divided by 79.
30
Calculate the remainder when 896985 is divided by 13.
11
What is the remainder when 3065 is divided by 43?
12
Calculate the remainder when 1303490 is divided by 659.
647
What is the remainder when 8711 is divided by 323?
313
What is the remainder when 7680 is divided by 124?
116
Calculate the remainder when 882082 is divided by 60.
22
What is the remainder when 105961 is divided by 52972?
17
Calculate the remainder when 430 is divided by 258.
172
Calculate the remainder when 18367 is divided by 14.
13
Calculate the remainder when 929839 is divided by 197.
196
What is the remainder when 22956 is divided by 522?
510
Calculate the remainder when 13185 is divided by 183.
9
Calculate the remainder when 2752 is divided by 242.
90
Calculate the remainder when 32449 is divided by 6485.
24
What is the remainder when 1332 is divided by 300?
132
Calculate the remainder when 7696 is divided by 1031.
479
Calculate the remainder when 107320 is divided by 1325.
1320
What is the remainder when 2320 is divided by 1127?
66
What is the remainder when 35241 is divided by 89?
86
Calculate the remainder when 171380 is divided by 171374.
6
Calculate the remainder when 274051 is divided by 54808.
11
Calculate the remainder when 80816 is divided by 237.
236
What is the remainder when 7872 is divided by 86?
46
Calculate the remainder when 2188 is divided by 78.
4
Calculate the remainder when 1271903 is divided by 48.
47
What is the remainder when 114008 is divided by 5?
3
Calculate the remainder when 7288 is divided by 9.
7
Calculate the remainder when 108864 is divided by 633.
621
What is the remainder when 54126 is divided by 407?
402
Calculate the remainder when 73140 is divided by 58.
2
Calculate the remainder when 2223454 is divided by 12.
10
What is the remainder when 52427 is divided by 7486?
25
What is the remainder when 4683 is divided by 4643?
40
What is the remainder when 420 is divided by 165?
90
What is the remainder when 15811 is divided by 55?
26
What is the remainder when 124633 is divided by 41544?
1
What is the remainder when 383213 is divided by 8?
5
What is the remainder when 7129 is divided by 376?
361
What is the remainder when 6257 is divided by 191?
145
Calculate the remainder when 5411 is divided by 11.
10
What is the remainder when 3850 is divided by 437?
354
Calculate the remainder when 28541 is divided by 223.
220
What is the remainder when 4325 is divided by 1426?
47
What is the remainder when 182870 is divided by 820?
10
What is the remainder when 700 is divided by 51?
37
Calculate the remainder when 102686 is divided by 2139.
14
What is the remainder when 4242 is divided by 4227?
15
What is the remainder when 11818 is divided by 48?
10
Calculate the remainder when 291770 is divided by 209.
6
What is the remainder when 27939 is divided by 116?
99
Calculate the remainder when 29527 is divided by 51.
49
What is the remainder when 586738 is divided by 165?
163
Calculate the remainder when 8832 is divided by 3.
0
Calculate the remainder when 406651 is divided by 72.
67
Calculate the remainder when 25576 is divided by 6.
4
Calculate the remainder when 3723 is divided by 620.
3
Calculate the remainder when 112675 is divided by 98.
73
What is the remainder when 2172 is divided by 104?
92
What is the remainder when 6258 is divided by 567?
21
What is the remainder when 41233 is divided by 550?
533
What is the remainder when 21666 is divided by 5403?
54
What is the remainder when 118583 is divided by 37?
35
Calculate the remainder when 27493 is divided by 5477.
108
Calculate the remainder when 4598 is divided by 916.
18
What is the remainder when 19041 is divided by 71?
13
What is the remainder when 38323 is divided by 639?
622
What is the remainder when 1126 is divided by 1052?
74
What is the remainder when 141508 